{"id":18,"date":"2025-09-09T15:37:35","date_gmt":"2025-09-09T13:37:35","guid":{"rendered":"http:\/\/localhost\/wordpress\/?page_id=18"},"modified":"2025-09-30T20:58:14","modified_gmt":"2025-09-30T20:58:14","slug":"ueber-uns","status":"publish","type":"page","link":"https:\/\/jfv-walsdorf-woersdorf.de\/?page_id=18","title":{"rendered":"\u00dcber uns"},"content":{"rendered":"\n<p><\/p>\n\n\n\n<div class=\"wp-block-group has-global-padding is-layout-constrained wp-container-core-group-is-layout-350af419 wp-block-group-is-layout-constrained\" style=\"margin-top:0px;margin-bottom:0px;padding-top:60px;padding-right:20px;padding-bottom:60px;padding-left:20px\">\n<div class=\"wp-block-group alignwide is-layout-flow wp-block-group-is-layout-flow\">\n<div class=\"wp-block-group alignwide section_head is-layout-flow wp-block-group-is-layout-flow\">\n<p class=\"has-text-align-center\"><\/p>\n\n\n\n<div style=\"height:10px\" aria-hidden=\"true\" class=\"wp-block-spacer\"><\/div>\n<\/div>\n\n\n\n<div class=\"wp-block-columns are-vertically-aligned-center is-layout-flex wp-container-core-columns-is-layout-643ced6b wp-block-columns-is-layout-flex\">\n<div class=\"wp-block-column is-vertically-aligned-center is-layout-flow wp-block-column-is-layout-flow\">\n<figure class=\"wp-block-image size-large\"><img decoding=\"async\" src=\"https:\/\/jfv-walsdorf-woersdorf.de\/wp-content\/themes\/fse-soccer\/images\/about.jpg\" alt=\"\" class=\"wp-image-20\"\/><\/figure>\n<\/div>\n\n\n\n<div class=\"wp-block-column is-vertically-aligned-center is-layout-flow wp-block-column-is-layout-flow\">\n<p>2013 wurde der Jugendf\u00f6rderverein (JFV) Idstein \/ Waldems gegr\u00fcndet. Ziel war und ist die fu\u00dfballerische Ausbildung und F\u00f6rderung von Kindern in Idstein und Waldems.<\/p>\n\n\n\n<p>Er ist der Nachfolgerverein des aufgel\u00f6sten JFV Waldems\/Walsdorf und der zu gekommenen Jugendabteilung der TSG W\u00f6rsdorf. <\/p>\n\n\n\n<p>Nach dem Ausstieg des FC Waldems hat sich der Verein 2025 in JFV Walsdorf\/W\u00f6rsdorf umbenannt. Er besteht aus den Jugendabteilungen der Vereine <a href=\"https:\/\/www.sv-walsdorf.net\">SV Walsdorf 1922 e.V. <\/a>und der<a href=\"https:\/\/www.tsgwoersdorf1887.de\"> TSG W\u00f6rsdorf 1887 e.V.<\/a><\/p>\n\n\n\n<p><\/p>\n<\/div>\n<\/div>\n<\/div>\n<\/div>\n","protected":false},"excerpt":{"rendered":"<p>2013 wurde der Jugendf\u00f6rderverein (JFV) Idstein \/ Waldems gegr\u00fcndet. Ziel war und ist die fu\u00dfballerische Ausbildung und F\u00f6rderung von Kindern in Idstein und Waldems. Er ist der Nachfolgerverein des aufgel\u00f6sten JFV Waldems\/Walsdorf und der zu gekommenen Jugendabteilung der TSG W\u00f6rsdorf. Nach dem Ausstieg des FC Waldems hat sich der Verein 2025 in JFV Walsdorf\/W\u00f6rsdorf umbenannt. [&hellip;]<\/p>\n","protected":false},"author":1,"featured_media":0,"parent":0,"menu_order":0,"comment_status":"closed","ping_status":"closed","template":"","meta":{"footnotes":""},"class_list":["post-18","page","type-page","status-publish","hentry"],"_links":{"self":[{"href":"https:\/\/jfv-walsdorf-woersdorf.de\/index.php?rest_route=\/wp\/v2\/pages\/18","targetHints":{"allow":["GET"]}}],"collection":[{"href":"https:\/\/jfv-walsdorf-woersdorf.de\/index.php?rest_route=\/wp\/v2\/pages"}],"about":[{"href":"https:\/\/jfv-walsdorf-woersdorf.de\/index.php?rest_route=\/wp\/v2\/types\/page"}],"author":[{"embeddable":true,"href":"https:\/\/jfv-walsdorf-woersdorf.de\/index.php?rest_route=\/wp\/v2\/users\/1"}],"replies":[{"embeddable":true,"href":"https:\/\/jfv-walsdorf-woersdorf.de\/index.php?rest_route=%2Fwp%2Fv2%2Fcomments&post=18"}],"version-history":[{"count":1,"href":"https:\/\/jfv-walsdorf-woersdorf.de\/index.php?rest_route=\/wp\/v2\/pages\/18\/revisions"}],"predecessor-version":[{"id":72,"href":"https:\/\/jfv-walsdorf-woersdorf.de\/index.php?rest_route=\/wp\/v2\/pages\/18\/revisions\/72"}],"wp:attachment":[{"href":"https:\/\/jfv-walsdorf-woersdorf.de\/index.php?rest_route=%2Fwp%2Fv2%2Fmedia&parent=18"}],"curies":[{"name":"wp","href":"https:\/\/api.w.org\/{rel}","templated":true}]}}